e 2) to base 11
156479
What is 317a1b (base 12) in base 10?
780791
What is 56659 (base 13) in base 3?
21222110121
3a866b (base 12) to base 16
ec7b3
-35252643 (base 7) to base 14
-5aba5a
What is 2212111021 (base 3) in base 10?
56491
What is 423563 (base 8) in base 9?
234576
112100220220 (base 4) to base 14
abc7d6
Convert -1a5225 (base 12) to base 16.
-718fd
What is -242442420 (base 5) in base 10?
-1140360
Convert 10111110010000111110001 (base 2) to base 13.
13a3a24
Convert -2352854 (base 13) to base 15.
-e59612
What is -4cab8 (base 14) in base 9?
-316772
What is -e68c (base 16) in base 7?
-334033
What is 1000202211220 (base 3) in base 2?
10000101011101001111
What is -148900 (base 14) in base 5?
-140341304
Convert -1341444 (base 5) to base 2.
-110110001100101
What is 43235 (base 10) in base 9?
65268
What is -170466 (base 11) in base 3?
-111102021021
4841537 (base 12) to base 3
222101021212021
Convert 1282537 (base 9) to base 7.
5661154
-586383 (base 10) to base 15
-b8b23
Convert -11311311 (base 4) to base 8.
-56565
What is -3671160 (base 9) in base 2?
-111100111001010010000
Convert 9782b (base 16) to base 9.
1145251
Convert -5640256 (base 9) to base 15.
-400206
Convert -2663684 (base 9) to base 6.
-51135551
Convert ceea2 (base 16) to base 12.
34a56a
What is -3a90441 (base 11) in base 9?
-14246046
Convert -11011021121 (base 3) to base 2.
-10011111110111101
-133437 (base 12) to base 3
-121002121221
-222102022002 (base 3) to base 12
-210b0b
Convert -916469 (base 12) to base 15.
-2ece69
Convert 505551 (base 8) to base 2.
101000101101101001
What is 7cc95 (base 14) in base 3?
120110110020
-64340 (base 14) to base 7
-2025610
Convert -11204313 (base 5) to base 13.
-36a22
Convert -3517987 (base 12) to base 15.
-d72ecd
What is 252410 (base 6) in base 14?
8354
Convert 412a3 (base 13) to base 5.
12220122
12705a (base 11) to base 3
101010221212
Convert 8a55 (base 14) to base 13.
abc2
Convert 1422244 (base 7) to base 3.
100200022101
-44135510 (base 6) to base 4
-11002012002
-1011101201210 (base 3) to base 5
-124233442
What is 206347 (base 13) in base 3?
1102102111101
-a83b6 (base 12) to base 13
-79c20
Convert -6a549 (base 14) to base 9.
-434226
Convert a56a3 (base 14) to base 5.
100233244
What is 5a71648 (base 11) in base 14?
159315d
Convert -187197 (base 15) to base 10.
-1188367
Convert -30331010 (base 4) to base 5.
-3144220
Convert -1011101211120 (base 3) to base 7.
-5152650
336758 (base 13) to base 11
75a107
1e71c (base 15) to base 12
49699
Convert -14425774 (base 9) to base 4.
-123110213122
100110011000000110111 (base 2) to base 10
1257527
-456153 (base 7) to base 4
-103313202
What is 21044 (base 14) in base 15?
188e1
What is 1056525 (base 7) in base 3?
20201001000
What is -3331314 (base 5) in base 11?
-3a911
Convert -45663 (base 14) to base 9.
-276305
What is 13234410 (base 7) in base 13?
338a42
What is 2002012012100 (base 3) in base 16?
10e075
-61061656 (base 7) to base 5
-2244331431
What is 3421025 (base 6) in base 14?
47533
30144000 (base 6) to base 7
10153503
Convert 505140513 (base 6) to base 14.
121048d
103736 (base 10) to base 15
20b0b
-426124 (base 9) to base 11
-163753
-af79 (base 16) to base 8
-127571
What is -2111222212 (base 4) in base 9?
-1133824
-18486 (base 13) to base 5
-3000143
What is 19a891 (base 16) in base 12?
691155
What is 135413041 (base 6) in base 16?
2a81f1
-1421040 (base 7) to base 6
-4023510
What is 410512452 (base 6) in base 16?
6b68d0
Convert 29853 (base 14) to base 7.
606533
Convert -4a96a87 (base 11) to base 3.
-121122000012110
What is 2a9edb (base 16) in base 15?
3a291e
Convert -54097 (base 13) to base 10.
-151717
101220122101100 (base 3) to base 2
10110000111111000110010
What is 35441565 (base 8) in base 16?
764375
What is 418633 (base 11) in base 13?
1a6101
Convert 1c303 (base 15) to base 12.
45163
Convert -5780500 (base 9) to base 7.
-35356146
Convert 11010112000 (base 3) to base 14.
218ad
111110102221112 (base 3) to base 8
33223745
211303023 (base 4) to base 3
21212101100
What is 1321421 (base 6) in base 8?
216365
145147 (base 12) to base 3
122022020101
Convert -1433413343 (base 5) to base 14.
-712929
Convert -12683 (base 16) to base 8.
-223203
31b131 (base 16) to base 5
1313203000
-198772 (base 13) to base 3
-1012212210011
What is 5cc6 (base 14) in base 9?
24251
Convert -14ac7b (base 13) to base 5.
-112302022
-25560056 (base 8) to base 15
-776e5b
2455335 (base 6) to base 9
221185
Convert -13023210330 (base 4) to base 5.
-440214203
What is -1078861 (base 9) in base 15?
-b801d
41424 (base 6) to base 15
19aa
22c17c (base 15) to base 11
a348a7
-493b2 (base 12) to base 5
-11132222
-1254a79 (base 11) to base 3
-11002102110120
-590a34a (base 11) to base 6
-1005114211
What is 1986042 (base 10) in base 8?
7446772
What is -1101101110011010101 (base 2) in base 7?
-3552136
What is 14142bc (base 15) in base 10?
14492877
Convert -1158e70 (base 15) to base 7.
-210452631
What is 10515205 (base 7) in base 13?
25c033
-33520a (base 12) to base 15
-1123e7
-136847 (base 10) to base 12
-6723b
1434123 (base 6) to base 11
57038
-4455504 (base 9) to base 10
-2398819
110001000111001010 (base 2) to base 9
335843
What is -10110101001111000001101 (base 2) in base 5?
-3010014301
-34424013 (base 5) to base 11
-1a2839
Convert -2202111220201 (base 3) to base 15.
-1de891
1133522 (base 7) to base 4
202321211
What is 7714651 (base 8) in base 5?
1012232303
Convert 300101010 (base 5) to base 12.
488076
Convert -b55b (base 14) to base 16.
-7a0d
Convert 10000110111110100 (base 2) to base 3.
10111210120
11320132012 (base 4) to base 13
41cb51
What is -43899 (base 10) in base 11?
-2aa89
Convert 44cd7c (base 16) to base 10.
4509052
What is 1e4c2f (base 16) in base 2?
111100100110000101111
Convert 20220021121 (base 3) to base 11.
93034
-41530444 (base 7) to base 14
-6729cb
9172762 (base 10) to base 11
51a56a5
What is -35505748 (base 9) in base 3?
-1012120012211122
What is 667747 (base 8) in base 9?
372883
Convert -61415151 (base 7) to base 3.
-100122122111110
-502530541 (base 6) to base 4
-200203211131
2342178 (base 9) to base 13
355136
-22b4bc (base 13) to base 9
-1486250
What is -2c2c5 (base 14) in base 12?
-53a19
Convert 3441354 (base 6) to base 7.
1333624
21110110202 (base 3) to base 4
203312321
Convert -56996 (base 13) to base 16.
-267bf
What is -b0b3c (base 13) in base 3?
-121001120201
-405350310 (base 6) to base 11
-3a3947a
6303360 (base 8) to base 7
20135250
-10131112 (base 4) to base 6
-220314
What is -834546 (base 10) in base 12?
-342b56
What is -278955 (base 10) in base 11?
-180646
808982 (base 10) to base 14
170b66
What is -13a663a (base 13) in base 12?
-210b513
What is 2e434 (base 15) in base 12?
725a1
3a247 (base 13) to base 10
108050
Convert -48201a (base 15) to base 13.
-939cbb
What is 21101 (base 16) in base 12?
66455
Convert 652420 (base 7) to base 9.
183021
5200740 (base 9) to base 10
2775906
What is 767341 (base 12) in base 5?
440110232
641231 (base 7) to base 12
54225
203021032 (base 4) to base 5
14101300
31613466 (base 7) to base 14
5014a6
2ae225 (base 16) to base 7
32613413
What is 20111000112200 (base 3) in base 14?
65961b
Convert -399bb6 (base 13) to base 15.
-1c79c4
What is -20ead4 (base 16) in base 3?
-11001121012211
Convert 254560 (base 10) to base 14.
68aac
159248 (base 11) to base 5
30342104
What is 83bb5 (base 12) in base 10?
172793
What is 222323001 (base 4) in base 15?
37159
-25a3689 (base 11) to base 16
-44a893
2906541 (base 10) to base 9
5420020
What is -3145150 (base 6) in base 2?
-100101100111011010
Convert 1000110111111000111010 (base 2) to base 5.
1043413244
413162 (base 8) to base 3
20221200100
What is 26a1746 (base 11) in base 8?
21611622
-7235284 (base 9) to base 4
-32232303313
Convert 1111011010100111010111 (base 2) to base 15.
54c5ba
-32302 (base 11) to base 14
-13178
Convert 25240005 (base 6) to base 3.
1112100110012
11a06 (base 13) to base 9
48460
Convert 2104060 (base 8) to base 12.
22b700
Convert -4046052 (base 11) to base 8.
-33222323
Convert -21bae (base 16) to base 12.
-67b52
-152c2 (base 13) to base 9
-60831
227a813 (base 12) to base 7
110244603
Convert -41392 (base 13) to base 8.
-344513
What is -12200120002 (base 3) in base 12?
-54948
-114155211 (base 6) to base 7
-24242005
-1002001120201020 (base 3) to